{"id":782,"date":"2017-08-29T14:20:18","date_gmt":"2017-08-29T14:20:18","guid":{"rendered":"http:\/\/wordpress.scholzband.de\/?page_id=782"},"modified":"2024-10-31T17:32:19","modified_gmt":"2024-10-31T17:32:19","slug":"presseinformation","status":"publish","type":"page","link":"https:\/\/www.scholzband.de\/?page_id=782","title":{"rendered":"Presseinformation"},"content":{"rendered":"<p>Pressekontakt: info@scholzband.de<\/p>\n<p><strong><a href=\"https:\/\/www.scholzband.de\/wp-content\/uploads\/2024\/10\/ScholzBand-Pressemappe-RELEASE-Album-Immer-weiter-08.11.2024.pdf\">ScholzBand-Pressemappe RELEASE Album Immer weiter 08.11.2024<\/a><\/strong><\/p>\n<p><span style=\"color: #993366;\"><strong>Frischer Songwriter Rock- Pop aus K\u00f6ln<\/strong><\/span><\/p>\n<p>Alles verpackt an in einem treibenden Midtempogroove, mal in Rock-Pop, mal in einer gef\u00fchlsvollen Ballade vorgetragen, von einem S\u00e4nger, der wei\u00df wie man seine Stimme dosiert, dass weniger tats\u00e4chlich manchmal mehr ist. Die Band klingt zwar reif und erwachsen, doch nie langweilig, frischer Songwritersound in deutsch.<\/p>\n<p>Die Anf\u00e4nge machte Songschreiber Harald Scholz im K\u00f6lner Domchor, der in jungen Jahren wegen des Stimmbruchs den Chor verlie\u00df und nicht wieder zur\u00fcckkehrte. Er wollte nun seine eigenen Songs schreiben und nicht mehr Latein singen und so begann Scholz mit einer Sch\u00fclerband seine eigene Musik zu machen. Nach der musikalischen Findungsphase in verschiedenen Bands und Projekten gr\u00fcndete er 2002 die ScholzBand. Au\u00dfer dem Bassisten, Michael Kessel, \u00e4nderte sich im Laufe der Jahre immer wieder mal die Formation, seit einigen Jahren nun ist Luc Zawieska (Gitarren) mit dabei. Insgesamt hat die Band 5 Alben produziert und \u00fcber 50 Songs ver\u00f6ffentlicht.<\/p>\n<p>Die Texte schreibt Scholz im stillen K\u00e4mmerlein. Viele seien fiktiv, einige autobiografisch, aber immer grade aus und auf dem Punkt. Die Songs entwickeln alle Musiker gemeinsam und so steht bei der ScholzBand schon immer die \u201eeigene Sache\u201c im Vordergrund. Nie wird der Versuch unternommen, auf einer aktuellen Trendwelle mitzuschwimmen und daf\u00fcr die Eigenheit (im positiven Sinne) \u00fcber Bord zu werfen. Das neue Album &#8222;IMMER WEITER&#8220; erscheint im November 2024, es ist das 5. Album der Band.<\/p>\n<p><span style=\"color: #993366;\"><strong><em>\u201eDie Musik der ScholzBand beginnt in uns zu graben und f\u00f6rdert manchmal Erstaunliches zu Tage.\u201c<\/em><\/strong><\/span><\/p>\n<p><span style=\"color: #993366;\"><strong>Die ScholzBand:<\/strong> <\/span><span style=\"color: #993366;\">Harald Scholz &#8211; Gesang, Gitarren, Piano und Songtexte<\/span><br \/><span style=\"color: #993366;\">Michael Kessel &#8211; Bass und Background Vocals<\/span><br \/><span style=\"color: #993366;\">Luc Zawieska &#8211; Gitarren, Synthesizer und Effekte<\/span><\/p>\n<h5><strong>Pressefotos: Vanessa Steffes\u00a0<\/strong><\/h5>\n<p><strong>Vanessa Steffes<\/strong><\/p>\n<p><strong>Photographie &amp; Kulturjournalismus<\/strong><\/p>\n<p><strong>E-Mail: info@van-steffes.de<\/strong><\/p>\n<p><span style=\"color: #993366;\"><img data-recalc-dims=\"1\" loading=\"lazy\" decoding=\"async\" data-attachment-id=\"2624\" data-permalink=\"https:\/\/www.scholzband.de\/?attachment_id=2624\" data-orig-file=\"https:\/\/i0.wp.com\/www.scholzband.de\/wp-content\/uploads\/2024\/09\/ScholzBand-39-scaled.jpg?fit=1707%2C2560&amp;ssl=1\" data-orig-size=\"1707,2560\" data-comments-opened=\"1\" data-image-meta=\"{&quot;aperture&quot;:&quot;4&quot;,&quot;credit&quot;:&quot;&quot;,&quot;camera&quot;:&quot;Canon EOS 70D&quot;,&quot;caption&quot;:&quot;&quot;,&quot;created_timestamp&quot;:&quot;1724954705&quot;,&quot;copyright&quot;:&quot;&quot;,&quot;focal_length&quot;:&quot;20&quot;,&quot;iso&quot;:&quot;320&quot;,&quot;shutter_speed&quot;:&quot;0.033333333333333&quot;,&quot;title&quot;:&quot;&quot;,&quot;orientation&quot;:&quot;0&quot;}\" data-image-title=\"ScholzBand (39)\" data-image-description=\"\" data-image-caption=\"\" data-medium-file=\"https:\/\/i0.wp.com\/www.scholzband.de\/wp-content\/uploads\/2024\/09\/ScholzBand-39-scaled.jpg?fit=200%2C300&amp;ssl=1\" data-large-file=\"https:\/\/i0.wp.com\/www.scholzband.de\/wp-content\/uploads\/2024\/09\/ScholzBand-39-scaled.jpg?fit=683%2C1024&amp;ssl=1\" tabindex=\"0\" role=\"button\" class=\"alignleft  wp-image-2624\" src=\"https:\/\/i0.wp.com\/www.scholzband.de\/wp-content\/uploads\/2024\/09\/ScholzBand-39.jpg?resize=410%2C615&#038;ssl=1\" alt=\"\" width=\"410\" height=\"615\" srcset=\"https:\/\/i0.wp.com\/www.scholzband.de\/wp-content\/uploads\/2024\/09\/ScholzBand-39-scaled.jpg?resize=683%2C1024&amp;ssl=1 683w, https:\/\/i0.wp.com\/www.scholzband.de\/wp-content\/uploads\/2024\/09\/ScholzBand-39-scaled.jpg?resize=200%2C300&amp;ssl=1 200w, https:\/\/i0.wp.com\/www.scholzband.de\/wp-content\/uploads\/2024\/09\/ScholzBand-39-scaled.jpg?resize=768%2C1152&amp;ssl=1 768w, https:\/\/i0.wp.com\/www.scholzband.de\/wp-content\/uploads\/2024\/09\/ScholzBand-39-scaled.jpg?resize=1024%2C1536&amp;ssl=1 1024w, https:\/\/i0.wp.com\/www.scholzband.de\/wp-content\/uploads\/2024\/09\/ScholzBand-39-scaled.jpg?resize=1365%2C2048&amp;ssl=1 1365w, https:\/\/i0.wp.com\/www.scholzband.de\/wp-content\/uploads\/2024\/09\/ScholzBand-39-scaled.jpg?resize=685%2C1028&amp;ssl=1 685w, https:\/\/i0.wp.com\/www.scholzband.de\/wp-content\/uploads\/2024\/09\/ScholzBand-39-scaled.jpg?resize=2000%2C3000&amp;ssl=1 2000w, https:\/\/i0.wp.com\/www.scholzband.de\/wp-content\/uploads\/2024\/09\/ScholzBand-39-scaled.jpg?w=1707&amp;ssl=1 1707w\" sizes=\"(max-width: 410px) 100vw, 410px\" \/><\/span><\/p>\n<p><img data-recalc-dims=\"1\" loading=\"lazy\" decoding=\"async\" data-attachment-id=\"2640\" data-permalink=\"https:\/\/www.scholzband.de\/?attachment_id=2640\" data-orig-file=\"https:\/\/i0.wp.com\/www.scholzband.de\/wp-content\/uploads\/2024\/09\/ScholzBand-40-1-scaled.jpg?fit=1707%2C2560&amp;ssl=1\" data-orig-size=\"1707,2560\" data-comments-opened=\"1\" data-image-meta=\"{&quot;aperture&quot;:&quot;4&quot;,&quot;credit&quot;:&quot;&quot;,&quot;camera&quot;:&quot;Canon EOS 70D&quot;,&quot;caption&quot;:&quot;&quot;,&quot;created_timestamp&quot;:&quot;1724954706&quot;,&quot;copyright&quot;:&quot;&quot;,&quot;focal_length&quot;:&quot;20&quot;,&quot;iso&quot;:&quot;400&quot;,&quot;shutter_speed&quot;:&quot;0.033333333333333&quot;,&quot;title&quot;:&quot;&quot;,&quot;orientation&quot;:&quot;0&quot;}\" data-image-title=\"ScholzBand (40)\" data-image-description=\"\" data-image-caption=\"\" data-medium-file=\"https:\/\/i0.wp.com\/www.scholzband.de\/wp-content\/uploads\/2024\/09\/ScholzBand-40-1-scaled.jpg?fit=200%2C300&amp;ssl=1\" data-large-file=\"https:\/\/i0.wp.com\/www.scholzband.de\/wp-content\/uploads\/2024\/09\/ScholzBand-40-1-scaled.jpg?fit=683%2C1024&amp;ssl=1\" tabindex=\"0\" role=\"button\" class=\"alignleft  wp-image-2640\" src=\"https:\/\/i0.wp.com\/www.scholzband.de\/wp-content\/uploads\/2024\/09\/ScholzBand-40-1.jpg?resize=410%2C615&#038;ssl=1\" alt=\"\" width=\"410\" height=\"615\" srcset=\"https:\/\/i0.wp.com\/www.scholzband.de\/wp-content\/uploads\/2024\/09\/ScholzBand-40-1-scaled.jpg?resize=683%2C1024&amp;ssl=1 683w, https:\/\/i0.wp.com\/www.scholzband.de\/wp-content\/uploads\/2024\/09\/ScholzBand-40-1-scaled.jpg?resize=200%2C300&amp;ssl=1 200w, https:\/\/i0.wp.com\/www.scholzband.de\/wp-content\/uploads\/2024\/09\/ScholzBand-40-1-scaled.jpg?resize=768%2C1152&amp;ssl=1 768w, https:\/\/i0.wp.com\/www.scholzband.de\/wp-content\/uploads\/2024\/09\/ScholzBand-40-1-scaled.jpg?resize=1024%2C1536&amp;ssl=1 1024w, https:\/\/i0.wp.com\/www.scholzband.de\/wp-content\/uploads\/2024\/09\/ScholzBand-40-1-scaled.jpg?resize=1365%2C2048&amp;ssl=1 1365w, https:\/\/i0.wp.com\/www.scholzband.de\/wp-content\/uploads\/2024\/09\/ScholzBand-40-1-scaled.jpg?resize=685%2C1028&amp;ssl=1 685w, https:\/\/i0.wp.com\/www.scholzband.de\/wp-content\/uploads\/2024\/09\/ScholzBand-40-1-scaled.jpg?resize=2000%2C3000&amp;ssl=1 2000w, https:\/\/i0.wp.com\/www.scholzband.de\/wp-content\/uploads\/2024\/09\/ScholzBand-40-1-scaled.jpg?w=1707&amp;ssl=1 1707w\" sizes=\"(max-width: 410px) 100vw, 410px\" \/><\/p>\n\n\n<figure class=\"wp-block-image\"><img loading=\"lazy\" decoding=\"async\" width=\"1748\" height=\"520\" data-attachment-id=\"2392\" data-permalink=\"https:\/\/www.scholzband.de\/?attachment_id=2392\" data-orig-file=\"https:\/\/i0.wp.com\/www.scholzband.de\/wp-content\/uploads\/2019\/09\/ScholzBand-LOGO-1-1.jpg?fit=1748%2C520&amp;ssl=1\" data-orig-size=\"1748,520\" data-comments-opened=\"1\" data-image-meta=\"{&quot;aperture&quot;:&quot;0&quot;,&quot;credit&quot;:&quot;&quot;,&quot;camera&quot;:&quot;&quot;,&quot;caption&quot;:&quot;&quot;,&quot;created_timestamp&quot;:&quot;0&quot;,&quot;copyright&quot;:&quot;&quot;,&quot;focal_length&quot;:&quot;0&quot;,&quot;iso&quot;:&quot;0&quot;,&quot;shutter_speed&quot;:&quot;0&quot;,&quot;title&quot;:&quot;&quot;,&quot;orientation&quot;:&quot;1&quot;}\" data-image-title=\"ScholzBand LOGO\" data-image-description=\"\" data-image-caption=\"\" data-medium-file=\"https:\/\/i0.wp.com\/www.scholzband.de\/wp-content\/uploads\/2019\/09\/ScholzBand-LOGO-1-1.jpg?fit=300%2C89&amp;ssl=1\" data-large-file=\"https:\/\/i0.wp.com\/www.scholzband.de\/wp-content\/uploads\/2019\/09\/ScholzBand-LOGO-1-1.jpg?fit=685%2C204&amp;ssl=1\" tabindex=\"0\" role=\"button\" src=\"https:\/\/i1.wp.com\/www.scholzband.de\/wp-content\/uploads\/2019\/09\/ScholzBand-LOGO-1-1.jpg?fit=685%2C204\" alt=\"\" class=\"wp-image-2392\" srcset=\"https:\/\/i0.wp.com\/www.scholzband.de\/wp-content\/uploads\/2019\/09\/ScholzBand-LOGO-1-1.jpg?w=1748&amp;ssl=1 1748w, https:\/\/i0.wp.com\/www.scholzband.de\/wp-content\/uploads\/2019\/09\/ScholzBand-LOGO-1-1.jpg?resize=300%2C89&amp;ssl=1 300w, https:\/\/i0.wp.com\/www.scholzband.de\/wp-content\/uploads\/2019\/09\/ScholzBand-LOGO-1-1.jpg?resize=768%2C228&amp;ssl=1 768w, https:\/\/i0.wp.com\/www.scholzband.de\/wp-content\/uploads\/2019\/09\/ScholzBand-LOGO-1-1.jpg?resize=1024%2C305&amp;ssl=1 1024w, https:\/\/i0.wp.com\/www.scholzband.de\/wp-content\/uploads\/2019\/09\/ScholzBand-LOGO-1-1.jpg?resize=685%2C204&amp;ssl=1 685w, https:\/\/i0.wp.com\/www.scholzband.de\/wp-content\/uploads\/2019\/09\/ScholzBand-LOGO-1-1.jpg?w=1370&amp;ssl=1 1370w\" sizes=\"(max-width: 685px) 100vw, 685px\" \/><figcaption class=\"wp-element-caption\">LOGO ZUM DOWNLOAD <\/figcaption><\/figure>\n\n\n\n<p><\/p>\n\n\n\n<p><\/p>\n\n\n\n<p><\/p>\n","protected":false},"excerpt":{"rendered":"<p>Pressekontakt: info@scholzband.de ScholzBand-Pressemappe RELEASE Album Immer weiter 08.11.2024 Frischer Songwriter Rock- Pop aus K\u00f6ln Alles verpackt an in einem treibenden Midtempogroove, mal in Rock-Pop, mal in einer gef\u00fchlsvollen Ballade vorgetragen, von einem S\u00e4nger, der wei\u00df wie man seine Stimme dosiert, dass weniger tats\u00e4chlich manchmal mehr ist. Die Band klingt zwar reif und erwachsen, doch nie &hellip; <a href=\"https:\/\/www.scholzband.de\/?page_id=782\" class=\"more-link\"><span class=\"screen-reader-text\">Presseinformation<\/span> weiterlesen<\/a><\/p>\n","protected":false},"author":1,"featured_media":0,"parent":0,"menu_order":0,"comment_status":"closed","ping_status":"closed","template":"","meta":{"jetpack_post_was_ever_published":false,"footnotes":""},"class_list":["post-782","page","type-page","status-publish","hentry"],"jetpack_sharing_enabled":true,"jetpack_shortlink":"https:\/\/wp.me\/P972Db-cC","jetpack-related-posts":[],"_links":{"self":[{"href":"https:\/\/www.scholzband.de\/index.php?rest_route=\/wp\/v2\/pages\/782","targetHints":{"allow":["GET"]}}],"collection":[{"href":"https:\/\/www.scholzband.de\/index.php?rest_route=\/wp\/v2\/pages"}],"about":[{"href":"https:\/\/www.scholzband.de\/index.php?rest_route=\/wp\/v2\/types\/page"}],"author":[{"embeddable":true,"href":"https:\/\/www.scholzband.de\/index.php?rest_route=\/wp\/v2\/users\/1"}],"replies":[{"embeddable":true,"href":"https:\/\/www.scholzband.de\/index.php?rest_route=%2Fwp%2Fv2%2Fcomments&post=782"}],"version-history":[{"count":43,"href":"https:\/\/www.scholzband.de\/index.php?rest_route=\/wp\/v2\/pages\/782\/revisions"}],"predecessor-version":[{"id":2910,"href":"https:\/\/www.scholzband.de\/index.php?rest_route=\/wp\/v2\/pages\/782\/revisions\/2910"}],"wp:attachment":[{"href":"https:\/\/www.scholzband.de\/index.php?rest_route=%2Fwp%2Fv2%2Fmedia&parent=782"}],"curies":[{"name":"wp","href":"https:\/\/api.w.org\/{rel}","templated":true}]}}