{"id":63,"date":"2017-06-16T18:42:33","date_gmt":"2017-06-16T18:42:33","guid":{"rendered":"https:\/\/scholzdieband.wordpress.com\/ueber\/harald-scholz\/"},"modified":"2024-10-24T15:15:52","modified_gmt":"2024-10-24T15:15:52","slug":"harald-scholz","status":"publish","type":"page","link":"https:\/\/www.scholzband.de\/?page_id=63","title":{"rendered":"Harald Scholz"},"content":{"rendered":"\n<p>Gesang, Gitarre, Piano &amp; Songtexte<\/p>\n\n\n\n<figure class=\"wp-block-image size-large is-resized\"><img data-recalc-dims=\"1\" loading=\"lazy\" decoding=\"async\" width=\"683\" height=\"1024\" data-attachment-id=\"2618\" data-permalink=\"https:\/\/www.scholzband.de\/?attachment_id=2618\" data-orig-file=\"https:\/\/i0.wp.com\/www.scholzband.de\/wp-content\/uploads\/2024\/09\/ScholzBand-58-1-scaled.jpg?fit=1707%2C2560&amp;ssl=1\" data-orig-size=\"1707,2560\" data-comments-opened=\"1\" data-image-meta=\"{&quot;aperture&quot;:&quot;4.5&quot;,&quot;credit&quot;:&quot;&quot;,&quot;camera&quot;:&quot;Canon EOS 70D&quot;,&quot;caption&quot;:&quot;&quot;,&quot;created_timestamp&quot;:&quot;1724955862&quot;,&quot;copyright&quot;:&quot;&quot;,&quot;focal_length&quot;:&quot;35&quot;,&quot;iso&quot;:&quot;200&quot;,&quot;shutter_speed&quot;:&quot;0.02&quot;,&quot;title&quot;:&quot;&quot;,&quot;orientation&quot;:&quot;0&quot;}\" data-image-title=\"ScholzBand (58)\" data-image-description=\"\" data-image-caption=\"\" data-medium-file=\"https:\/\/i0.wp.com\/www.scholzband.de\/wp-content\/uploads\/2024\/09\/ScholzBand-58-1-scaled.jpg?fit=200%2C300&amp;ssl=1\" data-large-file=\"https:\/\/i0.wp.com\/www.scholzband.de\/wp-content\/uploads\/2024\/09\/ScholzBand-58-1-scaled.jpg?fit=683%2C1024&amp;ssl=1\" tabindex=\"0\" role=\"button\" src=\"https:\/\/i0.wp.com\/www.scholzband.de\/wp-content\/uploads\/2024\/09\/ScholzBand-58-1.jpg?resize=683%2C1024&#038;ssl=1\" alt=\"\" class=\"wp-image-2618\" style=\"width:535px;height:auto\" srcset=\"https:\/\/i0.wp.com\/www.scholzband.de\/wp-content\/uploads\/2024\/09\/ScholzBand-58-1-scaled.jpg?resize=683%2C1024&amp;ssl=1 683w, https:\/\/i0.wp.com\/www.scholzband.de\/wp-content\/uploads\/2024\/09\/ScholzBand-58-1-scaled.jpg?resize=200%2C300&amp;ssl=1 200w, https:\/\/i0.wp.com\/www.scholzband.de\/wp-content\/uploads\/2024\/09\/ScholzBand-58-1-scaled.jpg?resize=768%2C1152&amp;ssl=1 768w, https:\/\/i0.wp.com\/www.scholzband.de\/wp-content\/uploads\/2024\/09\/ScholzBand-58-1-scaled.jpg?resize=1024%2C1536&amp;ssl=1 1024w, https:\/\/i0.wp.com\/www.scholzband.de\/wp-content\/uploads\/2024\/09\/ScholzBand-58-1-scaled.jpg?resize=1365%2C2048&amp;ssl=1 1365w, https:\/\/i0.wp.com\/www.scholzband.de\/wp-content\/uploads\/2024\/09\/ScholzBand-58-1-scaled.jpg?resize=685%2C1028&amp;ssl=1 685w, https:\/\/i0.wp.com\/www.scholzband.de\/wp-content\/uploads\/2024\/09\/ScholzBand-58-1-scaled.jpg?resize=2000%2C3000&amp;ssl=1 2000w, https:\/\/i0.wp.com\/www.scholzband.de\/wp-content\/uploads\/2024\/09\/ScholzBand-58-1-scaled.jpg?w=1707&amp;ssl=1 1707w\" sizes=\"(max-width: 683px) 100vw, 683px\" \/><\/figure>\n\n\n\n<p>&nbsp;<strong>Der kreative Kopf unserer Band Harald Scholz<\/strong><\/p>\n\n\n\n<p>Seine musikalische Reise begann im K\u00f6lner Domchor, doch schon bald f\u00fchrte ihn sein Weg weiter. Nach einem Stimmbruch entschied sich Harald, seine eigenen Songs zu schreiben und startete mit einer Sch\u00fclerband. Nach einer spannenden Findungsphase in verschiedenen Bands gr\u00fcndete er 2002 die ScholzBand.<\/p>\n\n\n\n<p>Neben unserem Bassisten Michael Kessel hat sich die Formation im Laufe der Jahre immer wieder ver\u00e4ndert. Seit einigen Jahren bereichert Luc Zawieska unser Team. Gemeinsam haben wir insgesamt 5 Alben produziert und \u00fcber 50 Songs geschrieben!<\/p>\n\n\n\n<p>Die Texte von Harald entstehen im stillen K\u00e4mmerlein \u2013 viele davon sind autobiografisch, w\u00e4hrend andere fiktiv, aber stets pr\u00e4zise formuliert sind. Seine F\u00e4higkeit, das Wesentliche auf den Punkt zu bringen, macht unsere Musik so besonders.<\/p>\n\n\n\n<p><\/p>\n\n\n\n<p><\/p>\n","protected":false},"excerpt":{"rendered":"<p>Gesang, Gitarre, Piano &amp; Songtexte &nbsp;Der kreative Kopf unserer Band Harald Scholz Seine musikalische Reise begann im K\u00f6lner Domchor, doch schon bald f\u00fchrte ihn sein Weg weiter. Nach einem Stimmbruch entschied sich Harald, seine eigenen Songs zu schreiben und startete mit einer Sch\u00fclerband. Nach einer spannenden Findungsphase in verschiedenen Bands gr\u00fcndete er 2002 die ScholzBand. &hellip; <a href=\"https:\/\/www.scholzband.de\/?page_id=63\" class=\"more-link\"><span class=\"screen-reader-text\">Harald Scholz<\/span> weiterlesen<\/a><\/p>\n","protected":false},"author":2,"featured_media":0,"parent":462,"menu_order":0,"comment_status":"closed","ping_status":"closed","template":"","meta":{"jetpack_post_was_ever_published":false,"footnotes":""},"class_list":["post-63","page","type-page","status-publish","hentry"],"jetpack_sharing_enabled":true,"jetpack_shortlink":"https:\/\/wp.me\/P972Db-11","jetpack-related-posts":[],"_links":{"self":[{"href":"https:\/\/www.scholzband.de\/index.php?rest_route=\/wp\/v2\/pages\/63","targetHints":{"allow":["GET"]}}],"collection":[{"href":"https:\/\/www.scholzband.de\/index.php?rest_route=\/wp\/v2\/pages"}],"about":[{"href":"https:\/\/www.scholzband.de\/index.php?rest_route=\/wp\/v2\/types\/page"}],"author":[{"embeddable":true,"href":"https:\/\/www.scholzband.de\/index.php?rest_route=\/wp\/v2\/users\/2"}],"replies":[{"embeddable":true,"href":"https:\/\/www.scholzband.de\/index.php?rest_route=%2Fwp%2Fv2%2Fcomments&post=63"}],"version-history":[{"count":24,"href":"https:\/\/www.scholzband.de\/index.php?rest_route=\/wp\/v2\/pages\/63\/revisions"}],"predecessor-version":[{"id":2902,"href":"https:\/\/www.scholzband.de\/index.php?rest_route=\/wp\/v2\/pages\/63\/revisions\/2902"}],"up":[{"embeddable":true,"href":"https:\/\/www.scholzband.de\/index.php?rest_route=\/wp\/v2\/pages\/462"}],"wp:attachment":[{"href":"https:\/\/www.scholzband.de\/index.php?rest_route=%2Fwp%2Fv2%2Fmedia&parent=63"}],"curies":[{"name":"wp","href":"https:\/\/api.w.org\/{rel}","templated":true}]}}

<p>Gesang, Gitarre, Piano &amp; Songtexte</p>



<figure class="wp-block-image size-large is-resized"><img data-recalc-dims="1" loading="lazy" decoding="async" width="683" height="1024" data-attachment-id="2618" data-permalink="https://www.scholzband.de/?attachment_id=2618" data-orig-file="https://i0.wp.com/www.scholzband.de/wp-content/uploads/2024/09/ScholzBand-58-1-scaled.jpg?fit=1707%2C2560&amp;ssl=1" data-orig-size="1707,2560" data-comments-opened="1" data-image-meta="{&quot;aperture&quot;:&quot;4.5&quot;,&quot;credit&quot;:&quot;&quot;,&quot;camera&quot;:&quot;Canon EOS 70D&quot;,&quot;caption&quot;:&quot;&quot;,&quot;created_timestamp&quot;:&quot;1724955862&quot;,&quot;copyright&quot;:&quot;&quot;,&quot;focal_length&quot;:&quot;35&quot;,&quot;iso&quot;:&quot;200&quot;,&quot;shutter_speed&quot;:&quot;0.02&quot;,&quot;title&quot;:&quot;&quot;,&quot;orientation&quot;:&quot;0&quot;}" data-image-title="ScholzBand (58)" data-image-description="" data-image-caption="" data-medium-file="https://i0.wp.com/www.scholzband.de/wp-content/uploads/2024/09/ScholzBand-58-1-scaled.jpg?fit=200%2C300&amp;ssl=1" data-large-file="https://i0.wp.com/www.scholzband.de/wp-content/uploads/2024/09/ScholzBand-58-1-scaled.jpg?fit=683%2C1024&amp;ssl=1" tabindex="0" role="button" src="https://i0.wp.com/www.scholzband.de/wp-content/uploads/2024/09/ScholzBand-58-1.jpg?resize=683%2C1024&#038;ssl=1" alt="" class="wp-image-2618" style="width:535px;height:auto" srcset="https://i0.wp.com/www.scholzband.de/wp-content/uploads/2024/09/ScholzBand-58-1-scaled.jpg?resize=683%2C1024&amp;ssl=1 683w, https://i0.wp.com/www.scholzband.de/wp-content/uploads/2024/09/ScholzBand-58-1-scaled.jpg?resize=200%2C300&amp;ssl=1 200w, https://i0.wp.com/www.scholzband.de/wp-content/uploads/2024/09/ScholzBand-58-1-scaled.jpg?resize=768%2C1152&amp;ssl=1 768w, https://i0.wp.com/www.scholzband.de/wp-content/uploads/2024/09/ScholzBand-58-1-scaled.jpg?resize=1024%2C1536&amp;ssl=1 1024w, https://i0.wp.com/www.scholzband.de/wp-content/uploads/2024/09/ScholzBand-58-1-scaled.jpg?resize=1365%2C2048&amp;ssl=1 1365w, https://i0.wp.com/www.scholzband.de/wp-content/uploads/2024/09/ScholzBand-58-1-scaled.jpg?resize=685%2C1028&amp;ssl=1 685w, https://i0.wp.com/www.scholzband.de/wp-content/uploads/2024/09/ScholzBand-58-1-scaled.jpg?resize=2000%2C3000&amp;ssl=1 2000w, https://i0.wp.com/www.scholzband.de/wp-content/uploads/2024/09/ScholzBand-58-1-scaled.jpg?w=1707&amp;ssl=1 1707w" sizes="(max-width: 683px) 100vw, 683px" /></figure>



<p>&nbsp;<strong>Der kreative Kopf unserer Band Harald Scholz</strong></p>



<p>Seine musikalische Reise begann im Kölner Domchor, doch schon bald führte ihn sein Weg weiter. Nach einem Stimmbruch entschied sich Harald, seine eigenen Songs zu schreiben und startete mit einer Schülerband. Nach einer spannenden Findungsphase in verschiedenen Bands gründete er 2002 die ScholzBand.</p>



<p>Neben unserem Bassisten Michael Kessel hat sich die Formation im Laufe der Jahre immer wieder verändert. Seit einigen Jahren bereichert Luc Zawieska unser Team. Gemeinsam haben wir insgesamt 5 Alben produziert und über 50 Songs geschrieben!</p>



<p>Die Texte von Harald entstehen im stillen Kämmerlein – viele davon sind autobiografisch, während andere fiktiv, aber stets präzise formuliert sind. Seine Fähigkeit, das Wesentliche auf den Punkt zu bringen, macht unsere Musik so besonders.</p>



<p></p>



<p></p>

<p>Gesang, Gitarre, Piano &amp; Songtexte &nbsp;Der kreative Kopf unserer Band Harald Scholz Seine musikalische Reise begann im Kölner Domchor, doch schon bald führte ihn sein Weg weiter. Nach einem Stimmbruch entschied sich Harald, seine eigenen Songs zu schreiben und startete mit einer Schülerband. Nach einer spannenden Findungsphase in verschiedenen Bands gründete er 2002 die ScholzBand. &hellip; <a href="https://www.scholzband.de/?page_id=63" class="more-link"><span class="screen-reader-text">Harald Scholz</span> weiterlesen</a></p>
